et w be o(-79). Calculate the greatest common divisor of 24 and w.
3
Let h(s) = -s - 3 + 0*s + 13 + 5*s. Let m be h(-2). Suppose -5*f + 62 = -0*x + x, -3*x = m*f - 134. What is the highest common divisor of x and 28?
14
Let k be (-1)/(6/18) + 66. Calculate the greatest common divisor of 1440 and k.
9
Let t(q) = -q**2 - 66*q - 100. Let j be t(-30). Calculate the highest common divisor of j and 700.
140
Suppose 0 = 2*g - 3*l - 346, 4*g - 156 = l + 536. Let j = g + 3. Calculate the highest common divisor of j and 80.
16
Let v(k) = k**2 - k - 29. Let h be v(8). Let n = 49 - h. Suppose -n*l = -17*l - 15. What is the greatest common factor of 4 and l?
1
Suppose 6 - 33 = -9*p. Suppose -2*t = 4*f + t - 47, 0 = -f - p*t + 5. What is the greatest common factor of f and 7?
7
Suppose 0 = 49*u - 35*u + 3304. Suppose 0 = -3*p - 398 + 47. Let y = p - u. Calculate the greatest common factor of y and 7.
7
Let g(i) = 160*i**2 - 95*i - 500. Let z be g(-5). What is the highest common factor of 75 and z?
75
Let b(h) = 65*h**2 + 3*h - 2. Let m be b(1). Let w(k) = k**2 + 26*k + 384. Let g be w(-17). What is the greatest common divisor of g and m?
33
Suppose 2*o - 5*o - v + 3 = 0, -3*o + 12 = -2*v. Let y be 3 + (o + -2)*3/(-6). Let p be 12/3 - (-123)/y. Calculate the greatest common factor of p and 9.
9
Suppose 3*b = -723 + 993. Let o be 10/(b/1287) - 0/2. What is the greatest common divisor of o and 11?
11
Suppose 0 = 27419*m - 27450*m + 4495. What is the highest common factor of m and 18125?
145
Let p = 1134 - -6657. Calculate the greatest common divisor of p and 636.
159
Let l(g) = g**2 + 1. Let n be l(5). Suppose 5*y + 936 = 4*u, 4*u = -10*y + 5*y + 936. What is the highest common factor of u and n?
26
Let b be -1*(-12)/(-18) - (-22)/6. Suppose 5*s - b*r = 90 - 24, r = 4*s - 50. Calculate the highest common factor of 48 and s.
12
Let f = 20 + 6. Let j = f - 26. Suppose -2*a - 82 = -5*z + 33, a = j. Calculate the greatest common factor of 138 and z.
23
Suppose 2*z = z + 4*o + 6, -3*z = 3*o - 63. Let s be ((-1)/2)/((-3)/(-252)). Let j = s - -96. What is the highest common factor of z and j?
18
Let g(m) = m**3 + 11*m**2 - 18*m - 36. Let q be g(-11). Suppose -161*x + q*x - 24 = 0. What is the highest common factor of 84 and x?
12
Suppose 3*s - 64 = -s. Suppose -44 = 5*z - s*z. What is the greatest common factor of 22 and z?
2
Let o = -716 + 741. Let j = -110 + 210. Calculate the greatest common divisor of o and j.
25
Suppose -28*u = -0*u - 21028. Let n = 752 - u. Calculate the highest common divisor of n and 11.
1
Let o be ((-9 - (-55)/5)*-60)/(-1*1). What is the highest common divisor of 996 and o?
12
Suppose r - 18 + 20 = 2*m, -4*m + 32 = 5*r. Let y be (m*10)/((-23)/(-46)). Calculate the greatest common factor of y and 105.
15
Let t be (-57 - (-2 - -11))/(-6). What is the greatest common divisor of t and 11?
11
Let p = 70 + -42. Suppose -11*j - 2142 = -p*j. What is the highest common divisor of j and 54?
18
Let b = 22525 - 22497. What is the greatest common factor of b and 14378?
14
Let p be (26/12 - 63/18)*(-90)/5. Calculate the greatest common divisor of p and 2268.
12
Suppose -5*j + 4*j = -7. Suppose -q = 7*q - j*q. Suppose q*t + 76 = 2*s + 4*t, -2 = -t. What is the highest common factor of s and 374?
34
Suppose 2*m - 3*y = -36 - 25, -m - 4*y - 25 = 0. Let t = -26 - m. Suppose -p = -4*w - 21, 4*p = w - 5*w + 84. Calculate the highest common factor of t and p.
3
Let n = -191 - -194. Suppose n*b + 0*b = 3*a + 168, 192 = 3*b + 3*a. What is the highest common divisor of b and 12?
12
Let z be 0 - 3 - -19 - 4. Let j = -19 + 15. Let l be (-20)/(0 - j/(-12)). Calculate the greatest common factor of z and l.
12
Suppose -31 = -7*k - 3. Let w be ((-40)/12)/(k/(-42)). Calculate the greatest common factor of w and 5.
5
Suppose -268*u = -86*u - 10192. What is the greatest common divisor of 88 and u?
8
Let x = 23 + -5. Suppose -5*r = -3*n + 56, -5*n - 2*r = -6*n + 20. Calculate the greatest common divisor of n and x.
6
Let r be (-4)/(-28) + 3244/28 - (-1 - 3). What is the greatest common divisor of r and 200?
40
Let w(z) = -342*z - 952. Let i be w(-3). What is the greatest common factor of 370 and i?
74
Suppose -2*r = 4*p - 537 + 75, 0 = -2*p + 2*r + 234. Suppose 0 = 4*q - 2*x - p - 192, -2*x = 5*q - 385. Calculate the highest common divisor of 44 and q.
11
Let b be ((-6)/5)/(126/(-315)). What is the greatest common divisor of b and 24?
3
Let v be 5 + ((-6)/(-8) - 203/116). Let m be 6 - -197 - (-8)/v*2. What is the greatest common factor of m and 276?
69
Suppose -12296*s + 186048 = -12258*s. What is the greatest common divisor of s and 24?
24
Let c(k) = 7*k - 123. Let w be c(25). Calculate the highest common factor of w and 4628.
52
Let l(r) = -8*r - 197. Let j be l(-25). Suppose -157 = -i - 5*s, -5*i - 194 = j*s - 1089. Calculate the greatest common divisor of 104 and i.
26
Let h(d) = 136*d + 42. Let x be h(-3). Let o = x + 404. What is the highest common divisor of o and 266?
38
Let u = 102 - 715. Let r = u + 715. What is the greatest common factor of r and 51?
51
Let c be -3 - (-185 - (1 - (37 + -2)/5)). What is the highest common divisor of c and 726?
22
Let k be ((-128)/3)/(2/9*(-84)/56). What is the highest common factor of 4 and k?
4
Let t = -47 + 78. Let w = t - 26. Suppose -2*i = -w*i + 60. What is the greatest common divisor of 10 and i?
10
Let a be (3 - 4/2)/(2/50). Let f be -2 - (-1 - 0 - 10). Let g be f/(270/4524) - 4/5. Calculate the greatest common factor of a and g.
25
Suppose -135 = -4*x + x. Let i be 5*6/x*3. Let f be 203/87*2*6. What is the greatest common divisor of f and i?
2
Suppose 19*s + 2044 = 165*s. Calculate the greatest common factor of s and 5222.
14
Suppose 0 = -13324*s + 13328*s - 204. Let c = 2 - -13. Suppose -c - 87 = -3*k. Calculate the greatest common factor of s and k.
17
Let m = -15895 - -30129. What is the highest common factor of 44 and m?
22
Let a = -781 - -1375. What is the greatest common divisor of a and 44?
22
Let p be (1/1)/((407/(-66))/(-37))*8. What is the greatest common factor of 10896 and p?
48
Let w = -162 - -304. Let z = 3747 + -3392. Calculate the highest common factor of w and z.
71
Suppose -2*o + 0*o + 84 = 0. Let v = 1847 + -1448. Calculate the highest common factor of v and o.
21
Let w = 462 + -300. Let o = 360 - w. Calculate the highest common divisor of 22 and o.
22
Suppose k + j - 177 = 0, 8 + 8 = -4*j. Suppose 5*c + i = k, 0 = -2*c - 5*i + 54. Suppose 3*f + 13 = c. Calculate the highest common divisor of f and 12.
4
Let n(b) = -6*b + 16 + 7*b + 10*b. Let x be n(3). Suppose 4*u = 2*y + 3*u - x, -y + 25 = -u. Calculate the greatest common factor of y and 36.
12
Let q = 84087 + -83841. Suppose -1 = -4*d + 7. Calculate the greatest common factor of q and d.
2
Suppose 0 = -5*r - w + 12123, 7*r - 2*w - 12114 = 2*r. Calculate the greatest common divisor of r and 24.
24
Let z be (-12)/(-22) - (-8673)/1947. Calculate the greatest common divisor of z and 59.
1
Suppose 5*y - 45786 = -699*i + 697*i, 2*y + 5*i - 18327 = 0. Calculate the greatest common divisor of 28 and y.
28
Suppose 4 = 4*h, b + 2*h - 102 - 23 = 0. Calculate the highest common divisor of 123 and b.
123
Let n(v) = -v**3 - 19*v**2 - 65*v - 25. Let o be n(-15). Suppose -3*s = -58 - o. What is the highest common factor of s and 9?
9
Let f be -7 - (-29 - 28/7). Suppose -f*g + 83 = -281. Calculate the highest common factor of 14 and g.
14
Let j be (9/(-27))/(2/6)*-18. Let k(p) = 86*p**2 - 2*p + 45. Let g be k(0). Calculate the greatest common factor of g and j.
9
Let k = 4 - -103. Let o = -1680 + 1603. Let u = o + k. What is the highest common factor of u and 30?
30
Let x(i) = -2*i**3 + 32*i**2 + 4*i + 32. Let v be x(16). Suppose 117*r - 109*r = v. Calculate the greatest common factor of 20 and r.
4
Let w be -6 + 7 + -1 + 4. Suppose 2*u + 5*q = w, -4*u - q - 6 = -50. What is the highest common divisor of u and 44?
4
Let p be 2/((-8)/5 + 2). Let g be -1 - -2 - p*-1. Let s = 157694 + -157640. What is the greatest common divisor of g and s?
6
Let i(m) = -m**2 - 128*m + 881. Let k be i(-58). What is the highest common factor of k and 122?
61
Let q(i) = 2*i**2 - 10*i + 16. Let b be q(3). Suppose 4*z - 2*t = 376, 2*z - b*t = -21 + 209. What is the greatest common facto